{"id":2777,"date":"2019-08-01T10:59:41","date_gmt":"2019-08-01T08:59:41","guid":{"rendered":"http:\/\/bazar.tellus.sk\/?post_type=product&#038;p=2777"},"modified":"2019-08-01T11:15:43","modified_gmt":"2019-08-01T09:15:43","slug":"tp-link-tl-sf1005d","status":"publish","type":"product","link":"http:\/\/bazar.tellus.sk\/?product=tp-link-tl-sf1005d","title":{"rendered":"TP-LINK TL-SF1005D"},"content":{"rendered":"<p>Kvalitn\u00fd\u00a0<strong>5 portov\u00fd prep\u00edna\u010d od spolo\u010dnosti TP-LINK\u00a0<\/strong>predstavuje ide\u00e1lny sp\u00f4sob roz\u0161\u00edrenia va\u0161ej dr\u00f4tovej siete v dom\u00e1cnosti \u010di malej firme. V\u0161etk\u00fdch p\u00e4\u0165 portov podporuje funkciu\u00a0<strong>Auto MDI\/MDIX\u00a0<\/strong>a vy sa tak nemus\u00edte stara\u0165 o to, ktor\u00fd k\u00e1bel m\u00e1te pripoji\u0165. V\u010faka podpore\u00a0<strong>pln\u00e9ho duplexu m\u00f3du\u00a0<\/strong>je switch navy\u0161e schopn\u00fd dosahova\u0165 prenosov\u00fa r\u00fdchlos\u0165 a\u017e 200 Mbit\/s, a to v\u0161etko pri\u00a0<strong>a\u017e o 60 % ni\u017e\u0161ej spotrebe\u00a0<\/strong>oproti konkuren\u010dn\u00fdm zariadeniam rovnakej kateg\u00f3rie.<\/p>\n<p><strong>Parametre a \u0161pecifik\u00e1cie:\u00a0<\/strong><\/p>\n<p><strong>\u0160tandardy:\u00a0<\/strong><br \/>\nIEEE 802,3<br \/>\nIEEE 802,3 u<br \/>\nIEEE 802,3 x<\/p>\n<p><strong>Protokoly:\u00a0<\/strong><br \/>\nCSMA\/CD, TCP\/IP<\/p>\n<p><strong>Z\u00e1kladn\u00e9 funkcie:\u00a0<\/strong><br \/>\nWire-speed v\u00fdkon<br \/>\nAutour\u010denie MAC adries a Auto-aging<br \/>\nIEEE 802,3 x flow control pre Full-Duplex m\u00f3d<\/p>\n<p><strong>Backbound Bandwidth:\u00a0<\/strong><br \/>\n1 Gb\/s<\/p>\n<p><strong>Ve\u013ekos\u0165 tabu\u013eky MAC adries:\u00a0<\/strong><br \/>\n1 kB<\/p>\n<p><strong>Forwarding Rate:\u00a0<\/strong><br \/>\n10BASE-T: 14880 pps\/port<br \/>\n100BASE-TX: 148800 pps\/port<\/p>\n<p><strong>Prenosov\u00e1 met\u00f3da:\u00a0<\/strong><br \/>\nStore-and-Forward<\/p>\n<p><strong>Porty:\u00a0<\/strong><br \/>\n5x RJ45 10\/100 Mb\/s (Auto-Negotiation, Auto MDI\/MDIX)<\/p>\n<p><strong>Podporovan\u00e9 typy m\u00e9di\u00ed:\u00a0<\/strong><br \/>\n10Base-T: UTP k\u00e1bel, kateg\u00f3ria 3, 4, 5 s maxim\u00e1lnou d\u013a\u017ekou 100 m<br \/>\nEIA\/TIA-568 100U STP k\u00e1bel s maxim\u00e1lnou d\u013a\u017ekou 100 m<br \/>\n100Base-Tx: UTP k\u00e1bel, kateg\u00f3ria 5, 5e s maxim\u00e1lnou d\u013a\u017ekou 100 m<br \/>\nEIA\/TIA-568 100U STP k\u00e1bel s maxim\u00e1lnou d\u013a\u017ekou 100 m<\/p>\n<p><strong>LED indik\u00e1cia:\u00a0<\/strong><br \/>\nNap\u00e1janie<br \/>\nLink\/Act (1, 2, 3, 4, 5)<\/p>\n<p><strong>Bezpe\u010dnos\u0165 a Emisie:\u00a0<\/strong><br \/>\nFCC, CE<\/p>\n<p><strong>Rozmery:\u00a0<\/strong><br \/>\n140 x 87 x 27,5 mm<\/p>\n<p><strong>Opera\u010dn\u00e1 teplota:\u00a0<\/strong><br \/>\n0 \u00b0C &#8211; 40 \u00b0C<\/p>\n<p><strong>Nap\u00e1janie:\u00a0<\/strong><br \/>\nPomocou extern\u00e9ho nap\u00e1jacieho adapt\u00e9ra<\/p>\n<div id=\"themify_builder_content-2777\" data-postid=\"2777\" class=\"themify_builder_content themify_builder_content-2777 themify_builder\">\r\n\r\n    <\/div>\r\n<!-- \/themify_builder_content -->","protected":false},"excerpt":{"rendered":"<p>Kvalitn\u00fd\u00a05 portov\u00fd prep\u00edna\u010d od spolo\u010dnosti TP-LINK\u00a0predstavuje ide\u00e1lny sp\u00f4sob roz\u0161\u00edrenia va\u0161ej dr\u00f4tovej siete v dom\u00e1cnosti \u010di malej firme. V\u0161etk\u00fdch p\u00e4\u0165 portov podporuje funkciu\u00a0Auto MDI\/MDIX\u00a0a vy sa tak nemus\u00edte stara\u0165 o to, ktor\u00fd k\u00e1bel m\u00e1te pripoji\u0165. V\u010faka podpore\u00a0pln\u00e9ho duplexu m\u00f3du\u00a0je switch navy\u0161e schopn\u00fd dosahova\u0165 prenosov\u00fa r\u00fdchlos\u0165 a\u017e 200 Mbit\/s, a to v\u0161etko pri\u00a0a\u017e o 60 % ni\u017e\u0161ej [&hellip;]<\/p>\n","protected":false},"featured_media":2778,"comment_status":"closed","ping_status":"closed","template":"","meta":[],"product_cat":[63],"product_tag":[],"class_list":{"0":"post-2777","1":"product","2":"type-product","3":"status-publish","4":"has-post-thumbnail","6":"product_cat-sietove-prvky","8":"first","9":"instock","10":"taxable","11":"shipping-taxable","12":"purchasable","13":"product-type-simple","14":"berocket_lgv_grid","15":"berocket_lgv_list_grid"},"aioseo_notices":[],"_links":{"self":[{"href":"http:\/\/bazar.tellus.sk\/index.php?rest_route=\/wp\/v2\/product\/2777","targetHints":{"allow":["GET"]}}],"collection":[{"href":"http:\/\/bazar.tellus.sk\/index.php?rest_route=\/wp\/v2\/product"}],"about":[{"href":"http:\/\/bazar.tellus.sk\/index.php?rest_route=\/wp\/v2\/types\/product"}],"replies":[{"embeddable":true,"href":"http:\/\/bazar.tellus.sk\/index.php?rest_route=%2Fwp%2Fv2%2Fcomments&post=2777"}],"wp:featuredmedia":[{"embeddable":true,"href":"http:\/\/bazar.tellus.sk\/index.php?rest_route=\/wp\/v2\/media\/2778"}],"wp:attachment":[{"href":"http:\/\/bazar.tellus.sk\/index.php?rest_route=%2Fwp%2Fv2%2Fmedia&parent=2777"}],"wp:term":[{"taxonomy":"product_cat","embeddable":true,"href":"http:\/\/bazar.tellus.sk\/index.php?rest_route=%2Fwp%2Fv2%2Fproduct_cat&post=2777"},{"taxonomy":"product_tag","embeddable":true,"href":"http:\/\/bazar.tellus.sk\/index.php?rest_route=%2Fwp%2Fv2%2Fproduct_tag&post=2777"}],"curies":[{"name":"wp","href":"https:\/\/api.w.org\/{rel}","templated":true}]}}