{"id":2715,"date":"2019-07-18T11:52:24","date_gmt":"2019-07-18T09:52:24","guid":{"rendered":"http:\/\/bazar.tellus.sk\/?post_type=product&#038;p=2715"},"modified":"2019-07-18T11:52:24","modified_gmt":"2019-07-18T09:52:24","slug":"toner-hp-canon-samsung-prq6001a-alternativny-uplne-novy-economy","status":"publish","type":"product","link":"http:\/\/bazar.tellus.sk\/?product=toner-hp-canon-samsung-prq6001a-alternativny-uplne-novy-economy","title":{"rendered":"Toner HP\/Canon\/Samsung PRQ6001A &#8211; Alternat\u00edvny, \u00faplne nov\u00fd (economy)"},"content":{"rendered":"<p>Pou\u017eite\u013en\u00fd do:<\/p>\n<p>HP CLJ 1600\/2600\/2605\/DN\/DTN<\/p>\n<p>HP CLJ CM1015<\/p>\n<p>MFP\/CM1017<\/p>\n<p>MFP124A<\/p>\n<div id=\"themify_builder_content-2715\" data-postid=\"2715\" class=\"themify_builder_content themify_builder_content-2715 themify_builder\">\r\n\r\n    <\/div>\r\n<!-- \/themify_builder_content -->","protected":false},"excerpt":{"rendered":"<p>Pou\u017eite\u013en\u00fd do: HP CLJ 1600\/2600\/2605\/DN\/DTN HP CLJ CM1015 MFP\/CM1017 MFP124A<\/p>\n","protected":false},"featured_media":2716,"comment_status":"closed","ping_status":"closed","template":"","meta":[],"product_cat":[651],"product_tag":[],"class_list":{"0":"post-2715","1":"product","2":"type-product","3":"status-publish","4":"has-post-thumbnail","6":"product_cat-tonery-cartridge","8":"first","9":"instock","10":"sale","11":"taxable","12":"shipping-taxable","13":"purchasable","14":"product-type-simple","15":"berocket_lgv_grid","16":"berocket_lgv_list_grid"},"aioseo_notices":[],"_links":{"self":[{"href":"http:\/\/bazar.tellus.sk\/index.php?rest_route=\/wp\/v2\/product\/2715","targetHints":{"allow":["GET"]}}],"collection":[{"href":"http:\/\/bazar.tellus.sk\/index.php?rest_route=\/wp\/v2\/product"}],"about":[{"href":"http:\/\/bazar.tellus.sk\/index.php?rest_route=\/wp\/v2\/types\/product"}],"replies":[{"embeddable":true,"href":"http:\/\/bazar.tellus.sk\/index.php?rest_route=%2Fwp%2Fv2%2Fcomments&post=2715"}],"wp:featuredmedia":[{"embeddable":true,"href":"http:\/\/bazar.tellus.sk\/index.php?rest_route=\/wp\/v2\/media\/2716"}],"wp:attachment":[{"href":"http:\/\/bazar.tellus.sk\/index.php?rest_route=%2Fwp%2Fv2%2Fmedia&parent=2715"}],"wp:term":[{"taxonomy":"product_cat","embeddable":true,"href":"http:\/\/bazar.tellus.sk\/index.php?rest_route=%2Fwp%2Fv2%2Fproduct_cat&post=2715"},{"taxonomy":"product_tag","embeddable":true,"href":"http:\/\/bazar.tellus.sk\/index.php?rest_route=%2Fwp%2Fv2%2Fproduct_tag&post=2715"}],"curies":[{"name":"wp","href":"https:\/\/api.w.org\/{rel}","templated":true}]}}