{"id":2696,"date":"2019-07-17T13:30:28","date_gmt":"2019-07-17T11:30:28","guid":{"rendered":"http:\/\/bazar.tellus.sk\/?post_type=product&#038;p=2696"},"modified":"2020-12-23T17:11:54","modified_gmt":"2020-12-23T15:11:54","slug":"toner-canon-c-exv18-npg32-alternativny-uplne-novy-toner-kit","status":"publish","type":"product","link":"http:\/\/bazar.tellus.sk\/?product=toner-canon-c-exv18-npg32-alternativny-uplne-novy-toner-kit","title":{"rendered":"Toner Canon C-EXV18\/NPG32 &#8211; Alternat\u00edvny, \u00faplne nov\u00fd (TONER KIT)"},"content":{"rendered":"<p>Pou\u017eite\u013en\u00fd do:<\/p>\n<p>IR1018<\/p>\n<p>IR1018J<\/p>\n<p>IR1022<\/p>\n<p>IR1022J<\/p>\n<p>IR1022A<\/p>\n<p>IR1022I<\/p>\n<p>IR1022IF<\/p>\n<p>IR1024<\/p>\n<p>IR1024J<\/p>\n<p>IR1024IF<\/p>\n<div id=\"themify_builder_content-2696\" data-postid=\"2696\" class=\"themify_builder_content themify_builder_content-2696 themify_builder\">\r\n\r\n    <\/div>\r\n<!-- \/themify_builder_content -->","protected":false},"excerpt":{"rendered":"<p>Pou\u017eite\u013en\u00fd do: IR1018 IR1018J IR1022 IR1022J IR1022A IR1022I IR1022IF IR1024 IR1024J IR1024IF<\/p>\n","protected":false},"featured_media":2697,"comment_status":"closed","ping_status":"closed","template":"","meta":[],"product_cat":[667,651],"product_tag":[],"class_list":{"0":"post-2696","1":"product","2":"type-product","3":"status-publish","4":"has-post-thumbnail","6":"product_cat-nove","7":"product_cat-tonery-cartridge","9":"first","10":"instock","11":"sale","12":"taxable","13":"shipping-taxable","14":"purchasable","15":"product-type-simple","16":"berocket_lgv_grid","17":"berocket_lgv_list_grid"},"aioseo_notices":[],"_links":{"self":[{"href":"http:\/\/bazar.tellus.sk\/index.php?rest_route=\/wp\/v2\/product\/2696","targetHints":{"allow":["GET"]}}],"collection":[{"href":"http:\/\/bazar.tellus.sk\/index.php?rest_route=\/wp\/v2\/product"}],"about":[{"href":"http:\/\/bazar.tellus.sk\/index.php?rest_route=\/wp\/v2\/types\/product"}],"replies":[{"embeddable":true,"href":"http:\/\/bazar.tellus.sk\/index.php?rest_route=%2Fwp%2Fv2%2Fcomments&post=2696"}],"wp:featuredmedia":[{"embeddable":true,"href":"http:\/\/bazar.tellus.sk\/index.php?rest_route=\/wp\/v2\/media\/2697"}],"wp:attachment":[{"href":"http:\/\/bazar.tellus.sk\/index.php?rest_route=%2Fwp%2Fv2%2Fmedia&parent=2696"}],"wp:term":[{"taxonomy":"product_cat","embeddable":true,"href":"http:\/\/bazar.tellus.sk\/index.php?rest_route=%2Fwp%2Fv2%2Fproduct_cat&post=2696"},{"taxonomy":"product_tag","embeddable":true,"href":"http:\/\/bazar.tellus.sk\/index.php?rest_route=%2Fwp%2Fv2%2Fproduct_tag&post=2696"}],"curies":[{"name":"wp","href":"https:\/\/api.w.org\/{rel}","templated":true}]}}