{"id":1480,"date":"2016-04-13T10:33:47","date_gmt":"2016-04-13T08:33:47","guid":{"rendered":"http:\/\/bazar.tellus.sk\/?post_type=product&#038;p=1480"},"modified":"2016-06-21T10:53:05","modified_gmt":"2016-06-21T08:53:05","slug":"wifi-adapter-airlive-wla-5000ap-v-3","status":"publish","type":"product","link":"http:\/\/bazar.tellus.sk\/?product=wifi-adapter-airlive-wla-5000ap-v-3","title":{"rendered":"WiFi adapter &#8211; Airlive WLA-5000AP V.3"},"content":{"rendered":"<p>&#8211; Bezdrotov\u00fd Wifi adapt\u00e9r,<br \/>\n&#8211; Pr\u00edstupov\u00fd bod s podporou 802.11a\/b\/g protokolu,<br \/>\n&#8211; Pracuje v p\u00e1sme 2.4GHz a 5GHz,<br \/>\n&#8211; 1xLAN port,<br \/>\n&#8211; Podporuje WEP, WPA a WPA2,<br \/>\n&#8211; Odpojite\u013en\u00e1 ant\u00e9na<\/p>\n<div id=\"themify_builder_content-1480\" data-postid=\"1480\" class=\"themify_builder_content themify_builder_content-1480 themify_builder\">\r\n\r\n    <\/div>\r\n<!-- \/themify_builder_content -->","protected":false},"excerpt":{"rendered":"<p>WLA5000APV37027392<\/p>\n","protected":false},"featured_media":1481,"comment_status":"closed","ping_status":"closed","template":"","meta":[],"product_cat":[63],"product_tag":[493],"class_list":{"0":"post-1480","1":"product","2":"type-product","3":"status-publish","4":"has-post-thumbnail","6":"product_cat-sietove-prvky","7":"product_tag-wla5000apv37027392","9":"first","10":"outofstock","11":"taxable","12":"shipping-taxable","13":"purchasable","14":"product-type-simple","15":"berocket_lgv_grid","16":"berocket_lgv_list_grid"},"aioseo_notices":[],"_links":{"self":[{"href":"http:\/\/bazar.tellus.sk\/index.php?rest_route=\/wp\/v2\/product\/1480","targetHints":{"allow":["GET"]}}],"collection":[{"href":"http:\/\/bazar.tellus.sk\/index.php?rest_route=\/wp\/v2\/product"}],"about":[{"href":"http:\/\/bazar.tellus.sk\/index.php?rest_route=\/wp\/v2\/types\/product"}],"replies":[{"embeddable":true,"href":"http:\/\/bazar.tellus.sk\/index.php?rest_route=%2Fwp%2Fv2%2Fcomments&post=1480"}],"wp:featuredmedia":[{"embeddable":true,"href":"http:\/\/bazar.tellus.sk\/index.php?rest_route=\/wp\/v2\/media\/1481"}],"wp:attachment":[{"href":"http:\/\/bazar.tellus.sk\/index.php?rest_route=%2Fwp%2Fv2%2Fmedia&parent=1480"}],"wp:term":[{"taxonomy":"product_cat","embeddable":true,"href":"http:\/\/bazar.tellus.sk\/index.php?rest_route=%2Fwp%2Fv2%2Fproduct_cat&post=1480"},{"taxonomy":"product_tag","embeddable":true,"href":"http:\/\/bazar.tellus.sk\/index.php?rest_route=%2Fwp%2Fv2%2Fproduct_tag&post=1480"}],"curies":[{"name":"wp","href":"https:\/\/api.w.org\/{rel}","templated":true}]}}