{"id":1466,"date":"2016-04-12T12:16:15","date_gmt":"2016-04-12T10:16:15","guid":{"rendered":"http:\/\/bazar.tellus.sk\/?post_type=product&#038;p=1466"},"modified":"2016-11-25T11:26:33","modified_gmt":"2016-11-25T09:26:33","slug":"airlive-wl-5450ap-access-point","status":"publish","type":"product","link":"http:\/\/bazar.tellus.sk\/?product=airlive-wl-5450ap-access-point","title":{"rendered":"AirLive WL- 5450AP &#8211; Access Point"},"content":{"rendered":"<p>&#8211; Multifunk\u010dn\u00fd pr\u00edstupov\u00fd bod pre p\u00e1smo 2,4 GHz,<br \/>\n&#8211; Pracuje v m\u00f3doch: AP, Client, Bridge, Repeater,<br \/>\n&#8211; Pon\u00faka 1MB FLASH, 8MB RAM, 2x 10\/100 LAN porty, 2 dBi odn\u00edmate\u013en\u00fa ant\u00e9nu,<br \/>\n&#8211; Podporuje WEP, WPA a WPA2,<br \/>\n&#8211; Mo\u017enos\u0165 konfigur\u00e1cie webov\u00fdm prehliada\u010dom alebo SNMP mana\u017ementom.<\/p>\n<div id=\"themify_builder_content-1466\" data-postid=\"1466\" class=\"themify_builder_content themify_builder_content-1466 themify_builder\">\r\n\r\n    <\/div>\r\n<!-- \/themify_builder_content -->","protected":false},"excerpt":{"rendered":"<p>WL5450AP-6-06-01810<\/p>\n","protected":false},"featured_media":1467,"comment_status":"closed","ping_status":"closed","template":"","meta":[],"product_cat":[63],"product_tag":[490],"class_list":{"0":"post-1466","1":"product","2":"type-product","3":"status-publish","4":"has-post-thumbnail","6":"product_cat-sietove-prvky","7":"product_tag-wl5450ap-6-06-01810","9":"first","10":"outofstock","11":"taxable","12":"shipping-taxable","13":"purchasable","14":"product-type-simple","15":"berocket_lgv_grid","16":"berocket_lgv_list_grid"},"aioseo_notices":[],"_links":{"self":[{"href":"http:\/\/bazar.tellus.sk\/index.php?rest_route=\/wp\/v2\/product\/1466","targetHints":{"allow":["GET"]}}],"collection":[{"href":"http:\/\/bazar.tellus.sk\/index.php?rest_route=\/wp\/v2\/product"}],"about":[{"href":"http:\/\/bazar.tellus.sk\/index.php?rest_route=\/wp\/v2\/types\/product"}],"replies":[{"embeddable":true,"href":"http:\/\/bazar.tellus.sk\/index.php?rest_route=%2Fwp%2Fv2%2Fcomments&post=1466"}],"wp:featuredmedia":[{"embeddable":true,"href":"http:\/\/bazar.tellus.sk\/index.php?rest_route=\/wp\/v2\/media\/1467"}],"wp:attachment":[{"href":"http:\/\/bazar.tellus.sk\/index.php?rest_route=%2Fwp%2Fv2%2Fmedia&parent=1466"}],"wp:term":[{"taxonomy":"product_cat","embeddable":true,"href":"http:\/\/bazar.tellus.sk\/index.php?rest_route=%2Fwp%2Fv2%2Fproduct_cat&post=1466"},{"taxonomy":"product_tag","embeddable":true,"href":"http:\/\/bazar.tellus.sk\/index.php?rest_route=%2Fwp%2Fv2%2Fproduct_tag&post=1466"}],"curies":[{"name":"wp","href":"https:\/\/api.w.org\/{rel}","templated":true}]}}